{"id":10,"date":"2016-01-19T00:34:31","date_gmt":"2016-01-18T23:34:31","guid":{"rendered":"http:\/\/cyklo-centrum.sk\/ccm\/?page_id=10"},"modified":"2023-04-21T04:46:55","modified_gmt":"2023-04-21T03:46:55","slug":"o-nas","status":"publish","type":"page","link":"https:\/\/cyklo-centrum.sk\/ccm\/?page_id=10","title":{"rendered":"O n\u00e1s"},"content":{"rendered":"\n<h3 class=\"wp-block-heading\">Adresa:<\/h3>\n\n\n\n<p>Ing. Miroslav Cambel &#8211; CYKLOCENTRUM<br>Pa\u017eite 4\/436<br>907 01 Myjava<\/p>\n\n\n\n<p><b>Telef\u00f3n: <\/b> 034 \/ 621 53 69<br><b>E-mail: <\/b> cyklomy@gmail.com<br><b>I\u010cO: <\/b> 32716915<br><b>\u017divnostensk\u00fd list: <\/b> zaevidovan\u00fd v \u017eivnostenskom registri pod ev. \u010d. 483\/ 1993<\/p>\n\n\n\n<section class=\"opening-hours mb30\">\n<h3>Otv\u00e1racie hodiny<\/h3>\n<table>\n<tbody>\n<tr>\n<td>pondelok<\/td>\n<td class=\"bold \">9:00 &#8211; 12:00, 13:00 &#8211; 17:00<\/td>\n<\/tr>\n<tr>\n<td>utorok<\/td>\n<td class=\"bold \">9:00 &#8211; 12:00, 13:00 &#8211; 17:00<\/td>\n<\/tr>\n<tr>\n<td>streda<\/td>\n<td class=\"bold \">9:00 &#8211; 12:00, 13:00 &#8211; 17:00<\/td>\n<\/tr>\n<tr>\n<td>\u0161tvrtok<\/td>\n<td class=\"bold \">9:00 &#8211; 12:00, 13:00 &#8211; 17:00<\/td>\n<\/tr>\n<tr>\n<td>piatok<\/td>\n<td class=\"bold cGreen\">9:00 &#8211; 12:00, 13:00 &#8211; 17:00<\/td>\n<\/tr>\n<tr>\n<td>sobota<\/td>\n<td class=\"bold \">8:00 &#8211; 12:00<\/td>\n<\/tr>\n<tr>\n<td>nede\u013ea<\/td>\n<td class=\"bold \">Zatvoren\u00e9<\/td>\n<\/tr>\n<\/tbody>\n<\/table>\n<figure><img data-recalc-dims=\"1\" loading=\"lazy\" decoding=\"async\" data-attachment-id=\"43\" data-permalink=\"https:\/\/cyklo-centrum.sk\/ccm\/?attachment_id=43\" data-orig-file=\"https:\/\/i0.wp.com\/cyklo-centrum.sk\/ccm\/wp-content\/uploads\/2016\/01\/obchod-1.jpg?fit=476%2C253&amp;ssl=1\" data-orig-size=\"476,253\" data-comments-opened=\"0\" data-image-meta=\"{&quot;aperture&quot;:&quot;0&quot;,&quot;credit&quot;:&quot;&quot;,&quot;camera&quot;:&quot;&quot;,&quot;caption&quot;:&quot;&quot;,&quot;created_timestamp&quot;:&quot;0&quot;,&quot;copyright&quot;:&quot;&quot;,&quot;focal_length&quot;:&quot;0&quot;,&quot;iso&quot;:&quot;0&quot;,&quot;shutter_speed&quot;:&quot;0&quot;,&quot;title&quot;:&quot;&quot;,&quot;orientation&quot;:&quot;0&quot;}\" data-image-title=\"obchod\" data-image-description=\"\" data-image-caption=\"\" data-medium-file=\"https:\/\/i0.wp.com\/cyklo-centrum.sk\/ccm\/wp-content\/uploads\/2016\/01\/obchod-1.jpg?fit=300%2C159&amp;ssl=1\" data-large-file=\"https:\/\/i0.wp.com\/cyklo-centrum.sk\/ccm\/wp-content\/uploads\/2016\/01\/obchod-1.jpg?fit=476%2C253&amp;ssl=1\" class=\"alignleft size-thumbnail wp-image-43\" src=\"https:\/\/i0.wp.com\/cyklo-centrum.sk\/ccm\/wp-content\/uploads\/2016\/01\/obchod-1.jpg?resize=150%2C150&#038;ssl=1\" alt=\"obchod\" width=\"150\" height=\"150\" srcset=\"https:\/\/i0.wp.com\/cyklo-centrum.sk\/ccm\/wp-content\/uploads\/2016\/01\/obchod-1.jpg?resize=150%2C150&amp;ssl=1 150w, https:\/\/i0.wp.com\/cyklo-centrum.sk\/ccm\/wp-content\/uploads\/2016\/01\/obchod-1.jpg?resize=100%2C100&amp;ssl=1 100w, https:\/\/i0.wp.com\/cyklo-centrum.sk\/ccm\/wp-content\/uploads\/2016\/01\/obchod-1.jpg?zoom=2&amp;resize=150%2C150&amp;ssl=1 300w, https:\/\/i0.wp.com\/cyklo-centrum.sk\/ccm\/wp-content\/uploads\/2016\/01\/obchod-1.jpg?zoom=3&amp;resize=150%2C150&amp;ssl=1 450w\" sizes=\"auto, (max-width: 150px) 100vw, 150px\" \/><\/figure><figure><img data-recalc-dims=\"1\" loading=\"lazy\" decoding=\"async\" data-attachment-id=\"45\" data-permalink=\"https:\/\/cyklo-centrum.sk\/ccm\/?attachment_id=45\" data-orig-file=\"https:\/\/i0.wp.com\/cyklo-centrum.sk\/ccm\/wp-content\/uploads\/2016\/01\/20160119_161241.jpg?fit=1157%2C865&amp;ssl=1\" data-orig-size=\"1157,865\" data-comments-opened=\"0\" data-image-meta=\"{&quot;aperture&quot;:&quot;0&quot;,&quot;credit&quot;:&quot;&quot;,&quot;camera&quot;:&quot;&quot;,&quot;caption&quot;:&quot;&quot;,&quot;created_timestamp&quot;:&quot;0&quot;,&quot;copyright&quot;:&quot;&quot;,&quot;focal_length&quot;:&quot;0&quot;,&quot;iso&quot;:&quot;0&quot;,&quot;shutter_speed&quot;:&quot;0&quot;,&quot;title&quot;:&quot;&quot;,&quot;orientation&quot;:&quot;0&quot;}\" data-image-title=\"_20160119_161241\" data-image-description=\"\" data-image-caption=\"\" data-medium-file=\"https:\/\/i0.wp.com\/cyklo-centrum.sk\/ccm\/wp-content\/uploads\/2016\/01\/20160119_161241.jpg?fit=300%2C224&amp;ssl=1\" data-large-file=\"https:\/\/i0.wp.com\/cyklo-centrum.sk\/ccm\/wp-content\/uploads\/2016\/01\/20160119_161241.jpg?fit=980%2C733&amp;ssl=1\" class=\"alignleft size-thumbnail wp-image-45\" src=\"https:\/\/i0.wp.com\/cyklo-centrum.sk\/ccm\/wp-content\/uploads\/2016\/01\/20160119_161241.jpg?resize=150%2C150&#038;ssl=1\" alt=\"_20160119_161241\" width=\"150\" height=\"150\" srcset=\"https:\/\/i0.wp.com\/cyklo-centrum.sk\/ccm\/wp-content\/uploads\/2016\/01\/20160119_161241.jpg?resize=150%2C150&amp;ssl=1 150w, https:\/\/i0.wp.com\/cyklo-centrum.sk\/ccm\/wp-content\/uploads\/2016\/01\/20160119_161241.jpg?resize=100%2C100&amp;ssl=1 100w, https:\/\/i0.wp.com\/cyklo-centrum.sk\/ccm\/wp-content\/uploads\/2016\/01\/20160119_161241.jpg?zoom=2&amp;resize=150%2C150&amp;ssl=1 300w, https:\/\/i0.wp.com\/cyklo-centrum.sk\/ccm\/wp-content\/uploads\/2016\/01\/20160119_161241.jpg?zoom=3&amp;resize=150%2C150&amp;ssl=1 450w\" sizes=\"auto, (max-width: 150px) 100vw, 150px\" \/><\/figure><p><\/p>\n<\/section>\n\n\n\n<h3>Virtu\u00e1lna prehliadka<\/h3>\n<iframe src=\"https:\/\/www.google.com\/maps\/embed?pb=!4v1682047130345!6m8!1m7!1sCAoSLEFGMVFpcE8xX1pfLTJzTzg3c0Jxa2ZLem9RQ0NyMjluS1dDVkZXUzFTdnQ1!2m2!1d48.74665589249081!2d17.56284776942107!3f285.85!4f-25.739999999999995!5f0.7820865974627469\" width=\"600\" height=\"450\" style=\"border:0;\" allowfullscreen=\"\" loading=\"lazy\" referrerpolicy=\"no-referrer-when-downgrade\"><\/iframe>\n\n\n\n<h3 class=\"wp-block-heading\">Mapa:<\/h3>\n\n\n\n<p><iframe loading=\"lazy\" src=\"http:\/\/mapa.zoznam.sk\/embedmap?w=350&amp;h=350&amp;z=18&amp;mc=b;mt;mm;&amp;n[0]=Cyklo%20centrum&amp;nc[0]=lightgreen&amp;d[0]=Predajna&amp;i[0]=default&amp;p[0]=48.746675355354775,17.562784408042944\" width=\"350\" height=\"350\" frameborder=\"0\"><\/iframe><\/p>\n","protected":false},"excerpt":{"rendered":"<p>Adresa: Ing. Miroslav Cambel &#8211; CYKLOCENTRUMPa\u017eite 4\/436907 01 Myjava Telef\u00f3n: 034 \/ 621 53 69E-mail: cyklomy@gmail.comI\u010cO: 32716915\u017divnostensk\u00fd list: zaevidovan\u00fd v \u017eivnostenskom registri pod ev. \u010d. 483\/ 1993 Otv\u00e1racie hodiny pondelok 9:00 &#8211; 12:00, 13:00 &#8211; 17:00 utorok 9:00 &#8211; 12:00, 13:00 &#8211; 17:00 streda 9:00 &#8211; 12:00, 13:00 &#8211; 17:00 \u0161tvrtok 9:00 &#8211; 12:00, 13:00 [&hellip;]<\/p>\n","protected":false},"author":1,"featured_media":0,"parent":0,"menu_order":0,"comment_status":"closed","ping_status":"closed","template":"","meta":{"footnotes":""},"class_list":["post-10","page","type-page","status-publish","hentry"],"jetpack_sharing_enabled":true,"jetpack_shortlink":"https:\/\/wp.me\/P7f8Jq-a","jetpack-related-posts":[],"_links":{"self":[{"href":"https:\/\/cyklo-centrum.sk\/ccm\/index.php?rest_route=\/wp\/v2\/pages\/10","targetHints":{"allow":["GET"]}}],"collection":[{"href":"https:\/\/cyklo-centrum.sk\/ccm\/index.php?rest_route=\/wp\/v2\/pages"}],"about":[{"href":"https:\/\/cyklo-centrum.sk\/ccm\/index.php?rest_route=\/wp\/v2\/types\/page"}],"author":[{"embeddable":true,"href":"https:\/\/cyklo-centrum.sk\/ccm\/index.php?rest_route=\/wp\/v2\/users\/1"}],"replies":[{"embeddable":true,"href":"https:\/\/cyklo-centrum.sk\/ccm\/index.php?rest_route=%2Fwp%2Fv2%2Fcomments&post=10"}],"version-history":[{"count":15,"href":"https:\/\/cyklo-centrum.sk\/ccm\/index.php?rest_route=\/wp\/v2\/pages\/10\/revisions"}],"predecessor-version":[{"id":1977,"href":"https:\/\/cyklo-centrum.sk\/ccm\/index.php?rest_route=\/wp\/v2\/pages\/10\/revisions\/1977"}],"wp:attachment":[{"href":"https:\/\/cyklo-centrum.sk\/ccm\/index.php?rest_route=%2Fwp%2Fv2%2Fmedia&parent=10"}],"curies":[{"name":"wp","href":"https:\/\/api.w.org\/{rel}","templated":true}]}}