{"id":201,"date":"2016-02-16T17:18:20","date_gmt":"2016-02-16T16:18:20","guid":{"rendered":"http:\/\/cyklo-centrum.sk\/ccm\/?page_id=201"},"modified":"2019-09-18T13:26:45","modified_gmt":"2019-09-18T12:26:45","slug":"ako-nakupovat","status":"publish","type":"page","link":"https:\/\/cyklo-centrum.sk\/ccm\/?page_id=201","title":{"rendered":"Ako nakupova\u0165"},"content":{"rendered":"<p><strong>Ako nakupova\u0165 na www.cyklo-centrum.sk<\/strong><\/p>\n<p>\u010co najdete na str\u00e1nke www.cyklo-centrum.sk, to m\u00e1me na predajni poskladan\u00e9 a nastaven\u00e9.<\/p>\n<p><strong>Vyh\u013ead\u00e1vanie na str\u00e1nke<\/strong><\/p>\n<p>Ako \u013eahko vyh\u013eada\u0165 tovar na str\u00e1nke www.cyklo-centrum.sk?<\/p>\n<p>&nbsp;<\/p>\n<p>Najjednoduch\u0161\u00edm sp\u00f4sobom, ako si vyh\u013eada\u0165 tovar je pou\u017ei\u0165 funkciu vyh\u013ead\u00e1vania<\/p>\n<p><img data-recalc-dims=\"1\" loading=\"lazy\" decoding=\"async\" data-attachment-id=\"202\" data-permalink=\"https:\/\/cyklo-centrum.sk\/ccm\/?attachment_id=202\" data-orig-file=\"https:\/\/i0.wp.com\/cyklo-centrum.sk\/ccm\/wp-content\/uploads\/2016\/02\/autoshow_button.png?fit=64%2C64&amp;ssl=1\" data-orig-size=\"64,64\" data-comments-opened=\"0\" data-image-meta=\"{&quot;aperture&quot;:&quot;0&quot;,&quot;credit&quot;:&quot;&quot;,&quot;camera&quot;:&quot;&quot;,&quot;caption&quot;:&quot;&quot;,&quot;created_timestamp&quot;:&quot;0&quot;,&quot;copyright&quot;:&quot;&quot;,&quot;focal_length&quot;:&quot;0&quot;,&quot;iso&quot;:&quot;0&quot;,&quot;shutter_speed&quot;:&quot;0&quot;,&quot;title&quot;:&quot;&quot;,&quot;orientation&quot;:&quot;0&quot;}\" data-image-title=\"autoshow_button\" data-image-description=\"\" data-image-caption=\"\" data-medium-file=\"https:\/\/i0.wp.com\/cyklo-centrum.sk\/ccm\/wp-content\/uploads\/2016\/02\/autoshow_button.png?fit=64%2C64&amp;ssl=1\" data-large-file=\"https:\/\/i0.wp.com\/cyklo-centrum.sk\/ccm\/wp-content\/uploads\/2016\/02\/autoshow_button.png?fit=64%2C64&amp;ssl=1\" class=\"size-full wp-image-202 alignright\" src=\"https:\/\/i0.wp.com\/cyklo-centrum.sk\/ccm\/wp-content\/uploads\/2016\/02\/autoshow_button.png?resize=64%2C64&#038;ssl=1\" alt=\"autoshow_button\" width=\"64\" height=\"64\" \/>. Tu priamo odklik\u00e1te po\u017eadovan\u00e9 parametre tovaru.<\/p>\n<p>&nbsp;<\/p>\n<p>&nbsp;<\/p>\n<p>Druh\u00fdm sp\u00f4sobom, ako n\u00e1js\u0165 h\u013eadan\u00fd tovar, je preklika\u0165 sa a\u017e priamo do kateg\u00f3rie dan\u00e9ho produktu cez menu.<\/p>\n<p>&nbsp;<\/p>\n<p>Ak ste ste na\u0161li tovar ktor\u00fd V\u00e1s zaujal nev\u00e1hajte n\u00e1s kontaktova\u0165 na <strong>Telef\u00f3n:<\/strong> 034 \/ 621 53 69 alebo<br \/>\n<strong>E-Mail:<\/strong> cyklomy@gmail.com.<\/p>\n<p>Samozrejme sa pote\u0161\u00edme aj ka\u017edej Va\u0161ej n\u00e1v\u0161teve u n\u00e1s na predajni. \ud83d\ude42<\/p>\n<p>&nbsp;<\/p>\n<p><strong>N\u00e1kup na spl\u00e1tky<\/strong><\/p>\n<p>Ak nem\u00e1te moment\u00e1lne dostato\u010dn\u00fa hotovos\u0165, je mo\u017en\u00e9 nak\u00fapi\u0165 na pl\u00e1tky prostredn\u00edctvom spolo\u010dnosti Home Credit alebo Cetelem.<\/p>\n","protected":false},"excerpt":{"rendered":"<p>Ako nakupova\u0165 na www.cyklo-centrum.sk \u010co najdete na str\u00e1nke www.cyklo-centrum.sk, to m\u00e1me na predajni poskladan\u00e9 a nastaven\u00e9. Vyh\u013ead\u00e1vanie na str\u00e1nke Ako \u013eahko vyh\u013eada\u0165 tovar na str\u00e1nke www.cyklo-centrum.sk? &nbsp; Najjednoduch\u0161\u00edm sp\u00f4sobom, ako si vyh\u013eada\u0165 tovar je pou\u017ei\u0165 funkciu vyh\u013ead\u00e1vania . Tu priamo odklik\u00e1te po\u017eadovan\u00e9 parametre tovaru. &nbsp; &nbsp; Druh\u00fdm sp\u00f4sobom, ako n\u00e1js\u0165 h\u013eadan\u00fd tovar, je preklika\u0165 sa [&hellip;]<\/p>\n","protected":false},"author":1,"featured_media":0,"parent":143,"menu_order":0,"comment_status":"closed","ping_status":"closed","template":"","meta":{"footnotes":""},"class_list":["post-201","page","type-page","status-publish","hentry"],"jetpack_sharing_enabled":false,"jetpack_shortlink":"https:\/\/wp.me\/P7f8Jq-3f","jetpack-related-posts":[],"_links":{"self":[{"href":"https:\/\/cyklo-centrum.sk\/ccm\/index.php?rest_route=\/wp\/v2\/pages\/201","targetHints":{"allow":["GET"]}}],"collection":[{"href":"https:\/\/cyklo-centrum.sk\/ccm\/index.php?rest_route=\/wp\/v2\/pages"}],"about":[{"href":"https:\/\/cyklo-centrum.sk\/ccm\/index.php?rest_route=\/wp\/v2\/types\/page"}],"author":[{"embeddable":true,"href":"https:\/\/cyklo-centrum.sk\/ccm\/index.php?rest_route=\/wp\/v2\/users\/1"}],"replies":[{"embeddable":true,"href":"https:\/\/cyklo-centrum.sk\/ccm\/index.php?rest_route=%2Fwp%2Fv2%2Fcomments&post=201"}],"version-history":[{"count":12,"href":"https:\/\/cyklo-centrum.sk\/ccm\/index.php?rest_route=\/wp\/v2\/pages\/201\/revisions"}],"predecessor-version":[{"id":1178,"href":"https:\/\/cyklo-centrum.sk\/ccm\/index.php?rest_route=\/wp\/v2\/pages\/201\/revisions\/1178"}],"up":[{"embeddable":true,"href":"https:\/\/cyklo-centrum.sk\/ccm\/index.php?rest_route=\/wp\/v2\/pages\/143"}],"wp:attachment":[{"href":"https:\/\/cyklo-centrum.sk\/ccm\/index.php?rest_route=%2Fwp%2Fv2%2Fmedia&parent=201"}],"curies":[{"name":"wp","href":"https:\/\/api.w.org\/{rel}","templated":true}]}}