{"id":1049,"date":"2018-12-27T15:24:16","date_gmt":"2018-12-27T14:24:16","guid":{"rendered":"http:\/\/cyklo-centrum.sk\/ccm\/?post_type=product&#038;p=1049"},"modified":"2023-10-27T13:52:53","modified_gmt":"2023-10-27T12:52:53","slug":"kellys-vanity-30-275-ram-m-2019","status":"publish","type":"product","link":"https:\/\/cyklo-centrum.sk\/ccm\/?product=kellys-vanity-30-275-ram-m-2019","title":{"rendered":"KELLYS VANITY 30 27,5&#8243;  r\u00e1m M"},"content":{"rendered":"","protected":false},"excerpt":{"rendered":"<p>r\u00e1m KELLYS KLC 27.5 &#8211; Lady Sport Geometry<br \/>\nve\u013ekos\u0165 r\u00e1mu M<br \/>\nvidlica SR SUNTOUR XCE28 (27.5), 100mm, coil spring<br \/>\nhlav.zlo\u017eenie semi-integrated<br \/>\nstred.zlo\u017eenie cartridge (122mm)<br \/>\nk\u013euky SHIMANO TY301 (42x34x24T) &#8211; length 170mm (S), 175mm (M)<br \/>\nradenie SHIMANO ST-EF510-8 EZ-fire Plus<br \/>\npre\u0161myka\u010d SHIMANO TY700 (34.9mm)<br \/>\nmeni\u010d SHIMANO TX800 (direct mount)<br \/>\npo\u010det prevodov 24<br \/>\nkazetov\u00fd pastorok SHIMANO CS-HG200-8 (12-32T)<br \/>\nre\u0165az KMC Z8 (108 \u010dl\u00e1nkov)<br \/>\nbrzdy C-STAR CX7 Mechanical Disc<br \/>\nbrzdov\u00e9 kot\u00fa\u010de predn\u00fd 160mm \/ zadn\u00fd 160mm<br \/>\nbrzdov\u00e9 p\u00e1ky SHIMANO ST-EF510-8 EZ-fire Plus<br \/>\nn\u00e1boje KLS Firework Disc (32 dier)<br \/>\nr\u00e1fiky KLS Draft Disc 584&#215;21 (32 dier)<br \/>\nv\u00fdplet steel<br \/>\npl\u00e1\u0161te IMPAC Ridgepac 54-584 (27.5&#215;2.10)<br \/>\npredstavec KLS Active &#8211; diam 28.6mm \/ bar bore 31.8mm \/ 8\u00b0 \/ d\u013a\u017eka 75mm<br \/>\nriadidl\u00e1 KLS Active RiseBar &#8211; diam 31.8mm \/ rise 18mm \/ \u0161\u00edrka 620mm<br \/>\nrukov\u00e4te KLS Advancer<br \/>\nsedlovka KLS Active &#8211; diam 30.9mm \/ d\u013a\u017eka 350mm<br \/>\nsedlo KLS Ebony Women<br \/>\nped\u00e1le alloy<\/p>\n","protected":false},"featured_media":1644,"comment_status":"closed","ping_status":"closed","template":"","meta":[],"product_brand":[],"product_cat":[39,20],"product_tag":[8],"class_list":{"0":"post-1049","1":"product","2":"type-product","3":"status-publish","4":"has-post-thumbnail","6":"product_cat-39","7":"product_cat-damske-horske-bicykle","8":"product_tag-kellys","10":"first","11":"instock","12":"sale","13":"taxable","14":"shipping-taxable","15":"purchasable","16":"product-type-simple"},"jetpack_sharing_enabled":true,"jetpack-related-posts":[],"_links":{"self":[{"href":"https:\/\/cyklo-centrum.sk\/ccm\/index.php?rest_route=\/wp\/v2\/product\/1049","targetHints":{"allow":["GET"]}}],"collection":[{"href":"https:\/\/cyklo-centrum.sk\/ccm\/index.php?rest_route=\/wp\/v2\/product"}],"about":[{"href":"https:\/\/cyklo-centrum.sk\/ccm\/index.php?rest_route=\/wp\/v2\/types\/product"}],"replies":[{"embeddable":true,"href":"https:\/\/cyklo-centrum.sk\/ccm\/index.php?rest_route=%2Fwp%2Fv2%2Fcomments&post=1049"}],"wp:featuredmedia":[{"embeddable":true,"href":"https:\/\/cyklo-centrum.sk\/ccm\/index.php?rest_route=\/wp\/v2\/media\/1644"}],"wp:attachment":[{"href":"https:\/\/cyklo-centrum.sk\/ccm\/index.php?rest_route=%2Fwp%2Fv2%2Fmedia&parent=1049"}],"wp:term":[{"taxonomy":"product_brand","embeddable":true,"href":"https:\/\/cyklo-centrum.sk\/ccm\/index.php?rest_route=%2Fwp%2Fv2%2Fproduct_brand&post=1049"},{"taxonomy":"product_cat","embeddable":true,"href":"https:\/\/cyklo-centrum.sk\/ccm\/index.php?rest_route=%2Fwp%2Fv2%2Fproduct_cat&post=1049"},{"taxonomy":"product_tag","embeddable":true,"href":"https:\/\/cyklo-centrum.sk\/ccm\/index.php?rest_route=%2Fwp%2Fv2%2Fproduct_tag&post=1049"}],"curies":[{"name":"wp","href":"https:\/\/api.w.org\/{rel}","templated":true}]}}