{"id":1573,"date":"2021-08-24T15:59:15","date_gmt":"2021-08-24T14:59:15","guid":{"rendered":"http:\/\/cyklo-centrum.sk\/ccm\/?post_type=product&#038;p=1573"},"modified":"2025-09-19T10:03:19","modified_gmt":"2025-09-19T09:03:19","slug":"mtb-ctm-pulze-29-ram-xl21","status":"publish","type":"product","link":"https:\/\/cyklo-centrum.sk\/ccm\/?product=mtb-ctm-pulze-29-ram-xl21","title":{"rendered":"MTB CTM PULZE Xpert 29&#8243;   r\u00e1m XL(21&#8243;) 17,5Ah\/630Wh"},"content":{"rendered":"","protected":false},"excerpt":{"rendered":"<p>PULZE XPERT &#8211; p\u00e1nsky E-MTB s elektromotorom Bafang M420. Tento elektromotor je navrhnut\u00fd pre optim\u00e1lny prenos sily pri \u0161liapan\u00ed. Poskytuje v\u00fdkon 250W a kr\u00fatiaci moment a\u017e 80Nm. Dostato\u010dn\u00fa z\u00e1sobu energie na dlh\u00e9 v\u00fdlety zabezpe\u010d\u00ed bat\u00e9ria s \u010dl\u00e1nkami Samsung, ktor\u00e1 m\u00e1 kapacitu 630Wh. \u00daplne dobitie dosiahne u\u017e za cca. 5-6 hod\u00edn. Tento syst\u00e9m poskytuje dojazd 50-120km &#8211; pod\u013ea zvolen\u00e9ho stup\u0148a podpory. Komponentov\u00e9 osadenie je zlo\u017een\u00e9 s oh\u013eadom na odolnos\u0165 a bezchybn\u00fa funkcionalitu. Spo\u013eahliv\u00e9 a presn\u00e9 radenie novej sady Shimano Deore v kombin\u00e1ci\u00ed s 10-r\u00fdchlostnou kazetou o rozsahu 11-46T. Hydraulick\u00e9 brzdy Shimano MT200 \u0165a bezpe\u010dne zabrzdia v kr\u00edzov\u00fdch situ\u00e1ci\u00e1ch. Ak chce\u0161 objavi\u0165 \u010daro E-MTB v horskom ter\u00e9ne a h\u013ead\u00e1\u0161 ekonomick\u00e9 rie\u0161enie, modely Pulze s\u00fa stvoren\u00e9 pr\u00e1ve pre teba.<br \/>\n\u0160PECIFIK\u00c1CIA<br \/>\nR\u00e1m<br \/>\nALU 6061, M (17&#8243;), L (19&#8243;), XL (21&#8243;)<br \/>\nVidlica<br \/>\nSuntour XCR34 AIR boost RLR 15QL 29&#8243;<br \/>\nRadenie<br \/>\nShimano Deore SL-M4100\/10sp.<br \/>\nPrehadzova\u010d<br \/>\nShimano Deore RD-M5120<br \/>\nViackole\u010dko<br \/>\nShimano Deore CSM4100\/10, 11-46<br \/>\nPrevodn\u00edk<br \/>\nBafang 38T, 170mm<br \/>\nBrzdy<br \/>\nZOOM HB875\/CL180<br \/>\nR\u00e1fiky<br \/>\nWTB ST i29 TCS 2.0 29&#8243; 36H<br \/>\nPl\u00e1\u0161te<br \/>\nWTB Trail Boss 29&#215;2,4&#8243; Comp<br \/>\nN\u00e1boje<br \/>\nNovatec D041DSB,15mm\/D142TSE,36H ,CL<br \/>\nPed\u00e1le<br \/>\nVPE-537<br \/>\nRe\u0165az<br \/>\nKMC X10e 124L<br \/>\nPredstavec<br \/>\nCTM LCS\/80mm<br \/>\nRiadidl\u00e1<br \/>\nCTM rise bar, 720\/31,8 mm<br \/>\nHlavov\u00e9 zlo\u017eenie<br \/>\nNECO H153<br \/>\nSedlo<br \/>\nSR Vivo Ergo Man<br \/>\nSedlovka<br \/>\nCTM 350&#215;31,6 mm<br \/>\nR\u00fdchlosti<br \/>\n10 speed<br \/>\nHmotnos\u0165<br \/>\n23.0<br \/>\nMotor<br \/>\nBAFANG M420 \/ 250W \/ 80Nm<br \/>\nBat\u00e9ria<br \/>\n630Wh \/ 36V \/ 17,5Ah<br \/>\n* \u0160pecifik\u00e1cia produktu, produkty a \u00fadaje sa m\u00f4\u017eu zmeni\u0165 bez predch\u00e1dzaj\u00faceho upozornenia, aby sa zlep\u0161ila ich funk\u010dnos\u0165, spo\u013eahlivos\u0165 alebo dizajn.<\/p>\n","protected":false},"featured_media":1869,"comment_status":"closed","ping_status":"closed","template":"","meta":[],"product_brand":[],"product_cat":[19],"product_tag":[7],"class_list":{"0":"post-1573","1":"product","2":"type-product","3":"status-publish","4":"has-post-thumbnail","6":"product_cat-elektrobicykle","7":"product_tag-ctm","9":"first","10":"instock","11":"sale","12":"taxable","13":"shipping-taxable","14":"purchasable","15":"product-type-simple"},"jetpack_sharing_enabled":true,"jetpack-related-posts":[],"_links":{"self":[{"href":"https:\/\/cyklo-centrum.sk\/ccm\/index.php?rest_route=\/wp\/v2\/product\/1573","targetHints":{"allow":["GET"]}}],"collection":[{"href":"https:\/\/cyklo-centrum.sk\/ccm\/index.php?rest_route=\/wp\/v2\/product"}],"about":[{"href":"https:\/\/cyklo-centrum.sk\/ccm\/index.php?rest_route=\/wp\/v2\/types\/product"}],"replies":[{"embeddable":true,"href":"https:\/\/cyklo-centrum.sk\/ccm\/index.php?rest_route=%2Fwp%2Fv2%2Fcomments&post=1573"}],"wp:featuredmedia":[{"embeddable":true,"href":"https:\/\/cyklo-centrum.sk\/ccm\/index.php?rest_route=\/wp\/v2\/media\/1869"}],"wp:attachment":[{"href":"https:\/\/cyklo-centrum.sk\/ccm\/index.php?rest_route=%2Fwp%2Fv2%2Fmedia&parent=1573"}],"wp:term":[{"taxonomy":"product_brand","embeddable":true,"href":"https:\/\/cyklo-centrum.sk\/ccm\/index.php?rest_route=%2Fwp%2Fv2%2Fproduct_brand&post=1573"},{"taxonomy":"product_cat","embeddable":true,"href":"https:\/\/cyklo-centrum.sk\/ccm\/index.php?rest_route=%2Fwp%2Fv2%2Fproduct_cat&post=1573"},{"taxonomy":"product_tag","embeddable":true,"href":"https:\/\/cyklo-centrum.sk\/ccm\/index.php?rest_route=%2Fwp%2Fv2%2Fproduct_tag&post=1573"}],"curies":[{"name":"wp","href":"https:\/\/api.w.org\/{rel}","templated":true}]}}