{"id":1674,"date":"2022-02-25T13:29:54","date_gmt":"2022-02-25T12:29:54","guid":{"rendered":"http:\/\/cyklo-centrum.sk\/ccm\/?post_type=product&#038;p=1674"},"modified":"2025-11-12T15:48:07","modified_gmt":"2025-11-12T14:48:07","slug":"ctm-streem-ram-l19-xl21","status":"publish","type":"product","link":"https:\/\/cyklo-centrum.sk\/ccm\/?product=ctm-streem-ram-l19-xl21","title":{"rendered":"CTM STREEM  r\u00e1m M (17&#8243;)"},"content":{"rendered":"","protected":false},"excerpt":{"rendered":"<p>\u0160PECIFIK\u00c1CIA<br \/>\nHi Ten, M (17&#8243;), L (19&#8243;), XL (21&#8243;)Suntour M3010, 700CShimano STEF5002\/7 sp.Shimano RD-TY500Shimano FD-TY510Shimano MFTZ 500\/7,14-28Shimano FC-TY301, 48-38-28T, 175mmAlhonga V-brakeCTM ZX-lite, 622&#215;19 BA, GBS, 32H700x38CMatrix alloy 32H QR blackNECO 122,5mmSP 877KMC Z50\/114LCTM adjustable, 90\/25,4 mmZoom MTB-153, 620\/25,4 mmNeco steel 1-1\/8&#8243;CTMZoom SP-200, 300\/28,6 mm21 speed14,8 kg<\/p>\n","protected":false},"featured_media":1675,"comment_status":"closed","ping_status":"closed","template":"","meta":[],"product_brand":[],"product_cat":[12],"product_tag":[7],"class_list":{"0":"post-1674","1":"product","2":"type-product","3":"status-publish","4":"has-post-thumbnail","6":"product_cat-cross-bicykle","7":"product_tag-ctm","9":"first","10":"instock","11":"sale","12":"taxable","13":"shipping-taxable","14":"purchasable","15":"product-type-simple"},"jetpack_sharing_enabled":true,"jetpack-related-posts":[],"_links":{"self":[{"href":"https:\/\/cyklo-centrum.sk\/ccm\/index.php?rest_route=\/wp\/v2\/product\/1674","targetHints":{"allow":["GET"]}}],"collection":[{"href":"https:\/\/cyklo-centrum.sk\/ccm\/index.php?rest_route=\/wp\/v2\/product"}],"about":[{"href":"https:\/\/cyklo-centrum.sk\/ccm\/index.php?rest_route=\/wp\/v2\/types\/product"}],"replies":[{"embeddable":true,"href":"https:\/\/cyklo-centrum.sk\/ccm\/index.php?rest_route=%2Fwp%2Fv2%2Fcomments&post=1674"}],"wp:featuredmedia":[{"embeddable":true,"href":"https:\/\/cyklo-centrum.sk\/ccm\/index.php?rest_route=\/wp\/v2\/media\/1675"}],"wp:attachment":[{"href":"https:\/\/cyklo-centrum.sk\/ccm\/index.php?rest_route=%2Fwp%2Fv2%2Fmedia&parent=1674"}],"wp:term":[{"taxonomy":"product_brand","embeddable":true,"href":"https:\/\/cyklo-centrum.sk\/ccm\/index.php?rest_route=%2Fwp%2Fv2%2Fproduct_brand&post=1674"},{"taxonomy":"product_cat","embeddable":true,"href":"https:\/\/cyklo-centrum.sk\/ccm\/index.php?rest_route=%2Fwp%2Fv2%2Fproduct_cat&post=1674"},{"taxonomy":"product_tag","embeddable":true,"href":"https:\/\/cyklo-centrum.sk\/ccm\/index.php?rest_route=%2Fwp%2Fv2%2Fproduct_tag&post=1674"}],"curies":[{"name":"wp","href":"https:\/\/api.w.org\/{rel}","templated":true}]}}