{"id":2031,"date":"2023-12-07T14:34:41","date_gmt":"2023-12-07T13:34:41","guid":{"rendered":"http:\/\/cyklo-centrum.sk\/ccm\/?post_type=product&#038;p=2031"},"modified":"2023-12-07T14:35:17","modified_gmt":"2023-12-07T13:35:17","slug":"ctm-koyuk-20-ram-580","status":"publish","type":"product","link":"https:\/\/cyklo-centrum.sk\/ccm\/?product=ctm-koyuk-20-ram-580","title":{"rendered":"CTM KOYUK 2,0    r\u00e1m 580"},"content":{"rendered":"","protected":false},"excerpt":{"rendered":"<p>Chyst\u00e1\u0161 sa najazdi\u0165 ve\u013ek\u00fa porciu kilometrov na r\u00f4znych povrchoch, alebo ove\u0161a\u0165 sa bato\u017einou a vyda\u0165 sa kr\u00ed\u017eom cez kontinent? Chce\u0161 za\u017ei\u0165 t\u00fa prav\u00fa, dobrodru\u017en\u00fa cyklistiku? Gravel bicykel KOYUK 2.0 bude pre teba ide\u00e1lnym spolo\u010dn\u00edkom. Ak si po\u010das svojho v\u00fdletu zmysl\u00ed\u0161, \u017ee m\u00e1\u0161 chu\u0165 u\u017ei\u0165 si trochu prachu a ter\u00e9nu, jednoducho odbo\u010d\u00ed\u0161 na nespevnen\u00fd ter\u00e9n a KOYUK 2.0 to bez probl\u00e9mov zvl\u00e1dne. KOYUK 2.0 je vy\u0161\u0161\u00ed z dvojice gravelov v na\u0161ej ponuke. Pote\u0161\u00ed \u0165a, \u010di u\u017e skvel\u00fdm dizajnom, tak aj jedine\u010dn\u00fdmi jazdn\u00fdmi vlastnos\u0165ami. Geometria je navrhnut\u00e1 so zrete\u013eom na komfort a ide\u00e1lnu jazdeck\u00fa poz\u00edciu. V\u00fdbava je zlo\u017een\u00e1 z kvalitn\u00fdch a osved\u010den\u00fdch komponentov. Pou\u017eit\u00e1 je sada Shimano GRX, n\u00e1jde\u0161 tu od nej radenie, prehadzova\u010d, k\u013euky a pre\u0161myka\u010d. Pri gravel bicykloch je ve\u013emi d\u00f4le\u017eit\u00e9 dr\u017eanie stopy na ka\u017edom povrchu, preto sme KOYUK 2.0 osadili pl\u00e1\u0161\u0165ami WTB Riddler TCS, ktor\u00e9 s\u00fa spolu s r\u00e1fikmi WTB STi 19 pripraven\u00e9 na bezdu\u0161ov\u00e9 pou\u017eitie. Na \u010do \u010dak\u00e1\u0161? Epick\u00e9 z\u00e1\u017eitky \u0165a dostan\u00fa!<\/p>\n<p>R\u00e1m<br \/>\nALU 6061 double butted, 520, 540, 560, 580, 600mm (max tire clearance 44C)<br \/>\nVidlica<br \/>\nRCCFK G Carbon Fork (max tire clearance 44C)<br \/>\nRadenie<br \/>\nShimano GRX RX-400 10s.<br \/>\nPrehadzova\u010d<br \/>\nShimano GRX RX-400<br \/>\nPre\u0161m\u00fdka\u010d<br \/>\nShimano GRX RX-400<br \/>\nViackole\u010dko<br \/>\nShimano CSHG500\/10sp. 11-34<br \/>\nK\u013euky<br \/>\nFSA OMEGA DM, 46\/30T (520-170mm \/ 540-172,5mm \/ 560,580,600-175mm)<br \/>\nBrzdy<br \/>\nShimano GRX RX400<br \/>\nR\u00e1fiky<br \/>\nRemerx G-DISC RX 5022 32H<br \/>\nPl\u00e1\u0161te<br \/>\nWTB Riddler TCS 700x37c<br \/>\nN\u00e1boje<br \/>\nNovatec D981B-12 \/ D952SB-SL-X12<br \/>\nOska<br \/>\nSHIMANO BB<br \/>\nRe\u0165az<br \/>\nShimano HG54<br \/>\nPredstavec<br \/>\nCTM TDS-RD701 80mm<br \/>\nRiadidl\u00e1<br \/>\nCTM X-Race 440mm<br \/>\nHlavov\u00e9 zlo\u017eenie<br \/>\nFSA Orbit C40, ACB<br \/>\nSedlo<br \/>\nSELLE ROYAL SRX<br \/>\nSedlovka<br \/>\nCTM SPDC1 350\/400&#215;27,2 mm<br \/>\nR\u00fdchlosti<br \/>\n20 speed<br \/>\nHmotnos\u0165<br \/>\n11.2<\/p>\n","protected":false},"featured_media":2032,"comment_status":"closed","ping_status":"closed","template":"","meta":[],"product_brand":[],"product_cat":[14],"product_tag":[7],"class_list":{"0":"post-2031","1":"product","2":"type-product","3":"status-publish","4":"has-post-thumbnail","6":"product_cat-cestne-bicykle","7":"product_tag-ctm","9":"first","10":"instock","11":"sale","12":"taxable","13":"shipping-taxable","14":"purchasable","15":"product-type-simple"},"jetpack_sharing_enabled":true,"jetpack-related-posts":[],"_links":{"self":[{"href":"https:\/\/cyklo-centrum.sk\/ccm\/index.php?rest_route=\/wp\/v2\/product\/2031","targetHints":{"allow":["GET"]}}],"collection":[{"href":"https:\/\/cyklo-centrum.sk\/ccm\/index.php?rest_route=\/wp\/v2\/product"}],"about":[{"href":"https:\/\/cyklo-centrum.sk\/ccm\/index.php?rest_route=\/wp\/v2\/types\/product"}],"replies":[{"embeddable":true,"href":"https:\/\/cyklo-centrum.sk\/ccm\/index.php?rest_route=%2Fwp%2Fv2%2Fcomments&post=2031"}],"wp:featuredmedia":[{"embeddable":true,"href":"https:\/\/cyklo-centrum.sk\/ccm\/index.php?rest_route=\/wp\/v2\/media\/2032"}],"wp:attachment":[{"href":"https:\/\/cyklo-centrum.sk\/ccm\/index.php?rest_route=%2Fwp%2Fv2%2Fmedia&parent=2031"}],"wp:term":[{"taxonomy":"product_brand","embeddable":true,"href":"https:\/\/cyklo-centrum.sk\/ccm\/index.php?rest_route=%2Fwp%2Fv2%2Fproduct_brand&post=2031"},{"taxonomy":"product_cat","embeddable":true,"href":"https:\/\/cyklo-centrum.sk\/ccm\/index.php?rest_route=%2Fwp%2Fv2%2Fproduct_cat&post=2031"},{"taxonomy":"product_tag","embeddable":true,"href":"https:\/\/cyklo-centrum.sk\/ccm\/index.php?rest_route=%2Fwp%2Fv2%2Fproduct_tag&post=2031"}],"curies":[{"name":"wp","href":"https:\/\/api.w.org\/{rel}","templated":true}]}}