{"id":2162,"date":"2024-11-20T16:28:10","date_gmt":"2024-11-20T15:28:10","guid":{"rendered":"http:\/\/cyklo-centrum.sk\/ccm\/?post_type=product&#038;p=2162"},"modified":"2025-06-03T09:17:16","modified_gmt":"2025-06-03T08:17:16","slug":"kellys-spider-30-ram-ml","status":"publish","type":"product","link":"https:\/\/cyklo-centrum.sk\/ccm\/?product=kellys-spider-30-ram-ml","title":{"rendered":"KELLYS SPIDER 30  r\u00e1m M"},"content":{"rendered":"","protected":false},"excerpt":{"rendered":"<p>r\u00e1m KELLYS Alutec RRC 29 &#8211; Race Ready Concept<br \/>\nvidlica SR SUNTOUR XCE28 (29), 100 mm, coil spring<br \/>\nk\u013euky SHIMANO TY301 (42x34x24T) &#8211; d\u013a\u017eka 175 mm<br \/>\nmeni\u010d SHIMANO TX800 (direct mount)<br \/>\npre\u0161myka\u010d SHIMANO TY700 (34.9 mm)<br \/>\nradenie SHIMANO ST-EF510-8 EZ-fire Plus<br \/>\npo\u010det prevodov 24<br \/>\nkazetov\u00fd pastorok SHIMANO CS-HG200-8 (12-32T)<br \/>\nre\u0165az KMC Z8 (110 \u010dl\u00e1nkov)<br \/>\nbrzdy Mechanical Disc<br \/>\nbrzdov\u00e9 p\u00e1ky SHIMANO ST-EF510 EZ-fire Plus<br \/>\nbrzdov\u00e9 kot\u00fa\u010de predn\u00fd 160 mm \/ zadn\u00fd 160 mm<br \/>\nn\u00e1boje KLS Firework Disc (32 dier)<br \/>\nr\u00e1fiky KLS Draft Disc 622&#215;21 (32 dier)<br \/>\nv\u00fdplet steel<br \/>\npl\u00e1\u0161te IMPAC Ridgepac 54-622 (29&#215;2.10)<br \/>\nhlav.zlo\u017eenie semi-integrated<br \/>\nstred.zlo\u017eenie cartridge (122 mm)<br \/>\npredstavec KLS Active &#8211; diam 28.6 mm \/ bar bore 31.8 mm \/ 8\u00b0 \/ d\u013a\u017eka 75 mm (M), 90 mm (L)<br \/>\nriadidl\u00e1 KLS Active RiseBar &#8211; diam 31.8 mm \/ rise 18 mm \/ \u0161\u00edrka 680 mm<br \/>\nrukov\u00e4te KLS Advancer<br \/>\nsedlovka KLS Active &#8211; diam 30.9 mm \/ d\u013a\u017eka 300 mm (M), 350 mm (L)<br \/>\nsedlo KLS Sentinel 2<br \/>\nped\u00e1le alloy<br \/>\nve\u013ekos\u0165 r\u00e1mu M \/ L<\/p>\n","protected":false},"featured_media":2163,"comment_status":"closed","ping_status":"closed","template":"","meta":[],"product_brand":[],"product_cat":[25,6],"product_tag":[8],"class_list":{"0":"post-2162","1":"product","2":"type-product","3":"status-publish","4":"has-post-thumbnail","6":"product_cat-25","7":"product_cat-horske_bicykle","8":"product_tag-kellys","10":"first","11":"instock","12":"sale","13":"taxable","14":"shipping-taxable","15":"purchasable","16":"product-type-simple"},"jetpack_sharing_enabled":true,"jetpack-related-posts":[],"_links":{"self":[{"href":"https:\/\/cyklo-centrum.sk\/ccm\/index.php?rest_route=\/wp\/v2\/product\/2162","targetHints":{"allow":["GET"]}}],"collection":[{"href":"https:\/\/cyklo-centrum.sk\/ccm\/index.php?rest_route=\/wp\/v2\/product"}],"about":[{"href":"https:\/\/cyklo-centrum.sk\/ccm\/index.php?rest_route=\/wp\/v2\/types\/product"}],"replies":[{"embeddable":true,"href":"https:\/\/cyklo-centrum.sk\/ccm\/index.php?rest_route=%2Fwp%2Fv2%2Fcomments&post=2162"}],"wp:featuredmedia":[{"embeddable":true,"href":"https:\/\/cyklo-centrum.sk\/ccm\/index.php?rest_route=\/wp\/v2\/media\/2163"}],"wp:attachment":[{"href":"https:\/\/cyklo-centrum.sk\/ccm\/index.php?rest_route=%2Fwp%2Fv2%2Fmedia&parent=2162"}],"wp:term":[{"taxonomy":"product_brand","embeddable":true,"href":"https:\/\/cyklo-centrum.sk\/ccm\/index.php?rest_route=%2Fwp%2Fv2%2Fproduct_brand&post=2162"},{"taxonomy":"product_cat","embeddable":true,"href":"https:\/\/cyklo-centrum.sk\/ccm\/index.php?rest_route=%2Fwp%2Fv2%2Fproduct_cat&post=2162"},{"taxonomy":"product_tag","embeddable":true,"href":"https:\/\/cyklo-centrum.sk\/ccm\/index.php?rest_route=%2Fwp%2Fv2%2Fproduct_tag&post=2162"}],"curies":[{"name":"wp","href":"https:\/\/api.w.org\/{rel}","templated":true}]}}